hat are the prime factors of j(4)?
7
Suppose -50 = c - 6*c. Let y(n) = n**3 - 9*n**2 - 11*n + 15. What are the prime factors of y(c)?
5
Suppose 0 = -o + 5*o - 4. Suppose s - 28 = -o. What are the prime factors of 4/8 - s/(-2)?
2, 7
Let i(u) = -u. Let d be i(-2). Let n(a) = a**3 + 2*a**2 + 2*a + 1. Let r be n(-1). Suppose d*g + 6 - 14 = r. What are the prime factors of g?
2
Suppose -4*h - 4*w + 56 = 0, h = -0*h + 5*w + 44. What are the prime factors of h?
19
Suppose 4*v - 12 = -0*v. Let o(i) = i**2 - 4*i + 4. Let f be o(v). Let d = f + 7. What are the prime factors of d?
2
What are the prime factors of (-8 + 11)/((-2)/(-34))?
3, 17
Let o(i) = 12*i + 38. What are the prime factors of o(10)?
2, 79
Let a = 59 + -15. List the prime factors of a.
2, 11
Let f be 8/6 + 66/18. Suppose -6*n + 22 = -f*n. List the prime factors of n.
2, 11
Let c be (-10)/(-45) - 254/9. List the prime factors of (-684)/c - (-3)/(-7).
2, 3
List the prime factors of (6/4)/((-6)/(-232)).
2, 29
Let q(z) = z**3 + 7*z**2 + 7*z + 6. Let p be q(-6). Suppose p = -4*a - 20 + 4. List the prime factors of (-74)/(-6) - a/6.
13
Let j = -2 - -8. Suppose 2*k - 4*g = 42, -g = 2*g + j. List the prime factors of k.
17
Let y = -1 + 5. List the prime factors of ((48/(-1))/y)/(-1).
2, 3
Suppose -z + 4 = -0*z. Suppose -2*n - z*x = -30, 0 = -3*n - 5*x + 18 + 24. What are the prime factors of n?
3
Let f(w) = w**3 - 6*w**2 - 5*w - 21. List the prime factors of f(8).
67
Suppose 2*g - 20 = 12. Suppose g = 2*w - 54. List the prime factors of w.
5, 7
Let i = -68 + 415. What are the prime factors of i?
347
Suppose 28 = -2*i - 4*f, 4*i + 3*f + 84 = 2*f. Let x = 8 - i. What are the prime factors of x?
2, 3, 5
Let b(m) = m**2 + 2*m - 12. Suppose 4*a - 24 = -0*a. What are the prime factors of b(a)?
2, 3
Let f(d) = 7*d - 1. Let l be f(1). Suppose 3*c - 6 = l. Let z = -1 + c. List the prime factors of z.
3
What are the prime factors of (182/56)/((-1)/(-20))?
5, 13
Let k(s) = -s**2 - 6*s + 7. Suppose 2*d + 2*d = 8. Suppose 2*g + d = -8. List the prime factors of k(g).
2, 3
Let g(a) = -a**3 - 8*a**2 - 7*a - 2. Let d be g(-7). List the prime factors of (1 - d)*4/3.
2
Let w be (-1)/6 + (-25)/(-6). List the prime factors of 108/14 - w/(-14).
2
Let f(v) = v**2 - 5*v + 10. What are the prime factors of f(5)?
2, 5
Let i(m) = -17*m + 2. Let t be i(-2). Suppose -2*l = 2*l + t. Let f = 21 + l. List the prime factors of f.
2, 3
Suppose 0 = 5*l - l + 4*y - 104, -3*y - 60 = -3*l. What are the prime factors of l?
23
Let c = 32 + -26. Let a(p) = -p + 2. Let s be a(5). What are the prime factors of ((-5)/s)/(1/c)?
2, 5
Suppose -4*j - 31 = 3*o + 26, -3*j - 49 = o. What are the prime factors of (-24)/9*j/8?
2, 3
Let v(l) = 1 - 7*l**3 + 12*l + 1 - 5*l + 6*l**3 + 4*l**2. List the prime factors of v(5).
2, 3
Let m = 21 + -17. Suppose m*z - y - 163 = 0, 3*z + 4*y - 5*y = 122. List the prime factors of z.
41
Let j(m) = 3*m - 4. Let c(s) = -9*s + 12. Let y(n) = -6*c(n) - 17*j(n). What are the prime factors of y(5)?
11
Suppose 2*j + 15 = 7*j. Suppose 3*k = 3*y - 2*y + 36, 3*k + 72 = -j*y. Let d = 39 + y. List the prime factors of d.
2, 3
What are the prime factors of (-210)/(-24) - 2/(-8)?
3
Suppose -60 = -5*k - 0*k. Let t = -5 + k. List the prime factors of t.
7
Suppose -2*k + 4*i = k + 636, 3*i - 9 = 0. List the prime factors of ((-1)/2)/(8/k).
13
Let w(d) = -d**3 + 7*d**2 - 7*d + 2. Let s be w(6). What are the prime factors of s/(0 - (-4)/(-18))?
2, 3
Let n be (-32)/(-80) - 8/(-5). What are the prime factors of 23 + 0 + 1 - n?
2, 11
Let u = 64 - 20. What are the prime factors of u?
2, 11
Let h(y) = -y**3 - 11*y**2 - 9*y + 8. Let o be h(-10). Let j be 2*o/4 + 3. Suppose 0 = -j*d + d + 10. List the prime factors of d.
2, 5
Suppose -h + 22 = h + 3*s, -h = -3*s + 7. Suppose -h*c + 20 = -215. What are the prime factors of c?
47
Let z(y) = 6*y**2 - y. Let w be z(1). List the prime factors of (w - 2) + 1 + -1.
3
Let s be (4/5)/((-1)/(-5)). Suppose -5*h = -29 + s. Suppose k = -4, b = -0*b - h*k - 8. List the prime factors of b.
2, 3
Suppose 0*t = 2*t. List the prime factors of 14 + -1*(-3 + t).
17
Let r = 1 + -1. Let h = 6 - r. Let n = -3 + h. List the prime factors of n.
3
Let x be 6/27 + 32/18. Suppose 10 = -7*c + x*c. Let d(i) = -4*i - 2. What are the prime factors of d(c)?
2, 3
Let z(n) = n + 10. Let i = 10 + -4. List the prime factors of z(i).
2
Let q(s) = 3*s**2 - 3*s - 5. Let a = 1 - -3. List the prime factors of q(a).
31
Let a = 12 - 20. Let d = a - -26. What are the prime factors of d?
2, 3
Suppose -2*g + g + 4 = 0. List the prime factors of g.
2
Let w = -113 + 202. What are the prime factors of w?
89
Let z(l) = -l + 3. Let d be z(7). List the prime factors of 7/((0 - d)/8).
2, 7
Suppose -1 = -3*j - y, 3*j = y - 3 + 14. Suppose 4*n = -n - 25, -j*t - n = -27. What are the prime factors of t?
2
What are the prime factors of 249/7 + (-27)/(-63)?
2, 3
Let g = -26 - -4. Let h = g - -15. What are the prime factors of 28/8*(-12)/h?
2, 3
Let d = 3 - 9. Let j be d/(-18) + 1/(-3). Suppose j*h = h - 21. List the prime factors of h.
3, 7
Suppose -2*t - 4 = -3*t. Suppose t*o - 68 = -w - 13, 2*o - 2*w = 20. What are the prime factors of o?
13
Suppose -5*z - 345 = -3*b, 0 = 2*b - 0*z - 5*z - 225. What are the prime factors of b?
2, 3, 5
Suppose -20 = -4*q + 40. Let g = -11 + q. What are the prime factors of g?
2
Suppose -c - 24 = c. Let j be c/(-9)*6/4. What are the prime factors of (-20 + 0)*j/(-4)?
2, 5
Let j be (-2)/3*159/(-2). Suppose -j = -2*y + 5. List the prime factors of y.
29
Let f(o) = -o**3 - o**2 + 34. List the prime factors of f(0).
2, 17
Let b(d) = -40*d - 1. Let y be b(-1). Suppose -y + 0 = -3*q. What are the prime factors of q?
13
Suppose 3*k = -2*q + 84, 75 = 6*k - 3*k + 5*q. What are the prime factors of k?
2, 3, 5
Let c(d) = d**3 + 3*d**2 + d + 1. Let i be c(-2). Let p(m) = 8 - 5*m**2 - 2*m**2 - i*m**3 + 4*m**3. What are the prime factors of p(7)?
2
Let k be 1/(2 + 7/(-3)). Let v(o) = 2*o + 3. Let q be v(k). List the prime factors of (q - (-9)/2)*8.
2, 3
Suppose 4*m + 64 = 4*r, -2*r + 4*m = 3*m - 27. List the prime factors of r.
11
Let u = 14 + 7. Suppose 0*n - 4 = -2*n. Suppose -3*c + u = -n*c. List the prime factors of c.
3, 7
Let u = 122 - 85. What are the prime factors of u?
37
Let g = 9 - 5. What are the prime factors of g?
2
What are the prime factors of 115/(-2)*64/(-20)?
2, 23
Let t(z) = z**2 + 8*z - 9. List the prime factors of t(-11).
2, 3
Suppose -25 = -0*h - h. What are the prime factors of h?
5
Let a = -15 + 31. List the prime factors of a.
2
Let l(s) = s**2 + 2*s - 1. Let w be l(2). Suppose -3*m + 4*f = 1, 0 = -3*m + 2*f - w*f - 19. Let t = 0 - m. List the prime factors of t.
3
Let y be (-1)/4 + 3965/52. Suppose -5*n + y = -39. What are the prime factors of n?
23
Let i = -16 + 8. Let d(j) = -2*j - 6. List the prime factors of d(i).
2, 5
Suppose 4*a = -4*m + 84, -4*m + 2*a - 5*a + 88 = 0. List the prime factors of m.
5
Let j be 0 + -1 + 8/2. Suppose 5 + 13 = j*g. List the prime factors of g.
2, 3
Let d(z) = 2*z**2 - z - 2. Let l be d(2). Suppose -5*b = l*p - 161, -4*p - b - 58 = -215. List the prime factors of p.
3, 13
Let f = 83 - 17. List the prime factors of f.
2, 3, 11
Suppose 5*i + 2*m - 404 = i, 0 = -4*i - 4*m + 408. List the prime factors of i.
2, 5
Suppose -2*z = j - 12, -4*j - 3*z - 16 = -64. Suppose 0 = -2*n - 0*n + 3*y + 16, 2*n + j = -4*y. List the prime factors of n/(-7) - 16/(-7).
2
Let b(o) be the second derivative of 3*o**5/20 - o**4/12 + o**3/6 + o. What are the prime factors of b(2)?
2, 11
List the prime factors of ((-2)/(-4))/(2/212).
53
Let p(n) = 2*n**3 - 25*n**2 + n - 12. What are the prime factors of p(13)?
2, 5, 17
Suppose 2*q + 3*s = 7*s + 200, -s = -q + 98. What are the prime factors of q?
2, 3
Let j = -170 + 520. Suppose -4*q + j = q. Suppose 3*m - 8*m = -q. What are the prime factors of m?
2, 7
Let n = 40 - -32. Suppose 0 = h + 3*k - 10 - 8, -2*h + 3*k = -n. List the prime factors of h.
2, 3, 5
Let w = 24 + -21. Suppose -w*g = -0 - 12. List the prime factors of g.
2
Suppose -5*p + 25 = 0, -2*h = h + p - 5. Suppose 3*y - y - 62 = h. Suppose 5*n + 5*f - y = 2*f, 0 = -2*n + 5*f + 31. List the prime factors of n.
2
Let a be 0 - 0/((-3)/(-1)). Let o = a - -16. Suppose r + 2 = -5*y - 4, 